 11*w - 12. Let a be h(11). Let f(j) = -j**3 - 11*j**2 + 12*j - 16. Let b be f(a). Let q = -2 - b. What is the tens digit of q?
1
Let v(j) = j**3 + j**2 + 4*j + 3. Let x be v(-2). Let b = x - -52. What is the tens digit of b?
4
Let f = -23 + 11. Let r be 147/f + 2/8. Let a = r - -18. What is the units digit of a?
6
Suppose -10 = -5*h + 10*h. What is the tens digit of 238 + (h - 1)/(-5 - -4)?
4
Let q be 1/3*(-1 - -1). Suppose -d - 2*d - 3 = q. What is the tens digit of (-25)/d - (-3)/(-1)?
2
What is the hundreds digit of (-4 - 1)*(-5 - 77)?
4
Let a = 137 + 2776. What is the units digit of a?
3
Let r(q) be the third derivative of 1/24*q**4 - 4*q**2 + 1/10*q**6 + 0*q - 1/60*q**5 + 0 - 1/6*q**3. What is the tens digit of r(1)?
1
Let g = 576 - 239. What is the hundreds digit of g?
3
Suppose 2*p + 14 - 1230 = 0. What is the hundreds digit of p?
6
Let d(f) = -f**2 + 6*f - 4. Let g be d(4). Suppose -3*u = g*y - u - 808, y = 3*u + 202. What is the tens digit of y?
0
Let n = 87 - -43. What is the tens digit of n?
3
Let z = 439 + 153. Suppose 7 - 3 = -m, -4*m = 4*c - z. What is the hundreds digit of c?
1
Let i(j) = -2*j**3 - 9*j**2 - 2*j - 10. Let g be i(-7). Let u = g - 138. What is the tens digit of u?
1
Let t be 2*(-4)/(1*-8). What is the units digit of 11 + t + -1 + 4?
5
Let p = 12 - 6. Let l(z) = z**3 - 6*z**2 - z + 4. Let o be l(p). Let y = 33 - o. What is the units digit of y?
5
What is the tens digit of ((-1)/((-4)/(-6)))/((-153)/163914)?
0
Let t = -658 + 1307. What is the units digit of t?
9
Suppose 3*f + f + 9 = -5*d, 2*f - d - 13 = 0. Suppose -5*l - 3*m = -2*m - 84, f*l - 68 = -m. What is the units digit of l?
6
Let l = 85 + 27. What is the hundreds digit of l?
1
Let x(m) = m**2 + 10*m + 26. Let w = 19 - 30. What is the units digit of x(w)?
7
Let z(b) = -2*b**2 + 3*b + 2. Let j be z(-1). What is the hundreds digit of 137*j*2*2/(-12)?
1
Let k be 4/(-30) + (-14392)/60. Let t = k - -339. What is the tens digit of t?
9
Suppose 8*v - 20 = 4*v. Suppose 3*z - 2*x = 61 + 105, 3*x + 276 = v*z. Suppose -2*a - z = -4*a. What is the tens digit of a?
2
Let r = 17 - 16. Let x(s) = -s**3 + 2*s**2 + 0*s**3 - r - 3*s - 12*s**2 - 3. What is the units digit of x(-10)?
6
Let d(a) = a**2 + 6*a + 7. Let i be 6 - 3 - -2 - 0. What is the tens digit of d(i)?
6
Let r(v) = 36*v**2 + 2*v + 8. Let c(h) = -109*h**2 - 7*h - 24. Let m(k) = -3*c(k) - 8*r(k). What is the tens digit of m(-2)?
5
Suppose -21*f + 922 = -2. What is the units digit of f?
4
Suppose 0 = -277*l + 281*l - 3604. What is the tens digit of l?
0
Suppose -5*d - 12 + 32 = 0. Suppose -d*i + 8*i - 464 = 0. What is the units digit of i?
6
Let q(a) = 2*a**2 + 12*a + 10. Let t be q(-5). Suppose -4 = y, -6*y - 31 = -3*d - 2*y. Suppose d*i = -t*i + 95. What is the tens digit of i?
1
Suppose -3*v - 8 = -5*v, -3*t + 5*v = -4702. What is the tens digit of t?
7
Let g(u) = -u**3 - 4*u**2 - u + 2. Let z be g(-4). Suppose s - 56 = z. What is the tens digit of s?
6
Let j = -1772 - -3461. What is the units digit of j?
9
Let t(o) = 9*o**2 - 38*o + 4. What is the hundreds digit of t(-6)?
5
Suppose -2*z = 0, 877 = 4*y + 5*z - 31. What is the tens digit of y?
2
Suppose -3 - 1 = -j. Suppose -5*g = -j*g - 42. What is the tens digit of g?
4
Let c be 1/(-2)*(15 - 239). Suppose -5*k + c + 33 = 0. What is the units digit of (-3)/(-9)*3*k?
9
Let z = -96 - -204. What is the tens digit of z?
0
Suppose -1 = 2*z - 5, -2*z - 266 = -5*y. Let t = -5 + y. Suppose -t = -3*d + 65. What is the units digit of d?
8
Suppose q + 1584 = 5*p - p, -782 = -2*p - 2*q. What is the hundreds digit of p?
3
Let z = 3046 - 2038. What is the hundreds digit of z?
0
Suppose 5*t + o - 37 = 4*o, -2*t = 3*o + 2. Suppose -5*j + 10 + t = 0. Suppose -4*p - 2*i + 166 = j*i, 0 = 3*p + i - 119. What is the tens digit of p?
3
Let q be (2/6)/(3/(-9)). What is the units digit of (-40)/(5/q - -3)?
0
Suppose -u + 438 = -2*a + 1178, 3*u = -5*a + 1828. What is the hundreds digit of a?
3
Suppose -2*s + 4*u = 5 + 1, 0 = -4*s - u - 30. Let x = 28 + s. What is the tens digit of x?
2
Let b(l) = 5*l**2 + 4*l + 3. Let c be b(-2). Suppose 5*x - c = -5. Suppose -1 - 10 = -x*v - 3*n, 0 = 3*v - 2*n - 36. What is the units digit of v?
0
What is the thousands digit of ((-196)/(-5))/(3159/630 + -5)?
2
Suppose 1153 = 2*h + 123. What is the hundreds digit of h?
5
What is the units digit of -2*1 - (1518/(-6) + 1)?
0
Let j = 15 + -9. Let l = j - 6. Suppose 3*x + 5*t - 86 = l, x + 74 = 3*x - 5*t. What is the units digit of x?
2
Let j(u) = -u**3 - u + 419. Let p be j(0). Suppose 3*d = 5*w + p, 0*d = -2*d - 4*w + 250. Let b = d + -82. What is the tens digit of b?
5
Let b(c) = 2089*c + 50. What is the thousands digit of b(1)?
2
Let l(r) = -1 + 6*r + 3*r - 32 + 3*r. What is the tens digit of l(15)?
4
Let q(g) be the first derivative of 10*g**2 + 9*g + 14. What is the hundreds digit of q(6)?
1
Let t(c) = 3*c - 19. Let x be t(7). Suppose -3*d + 29 = 2*a - 194, 0 = 2*a + x. What is the units digit of d?
5
Suppose -11*h = -7*h - 20, 248 = z - 2*h. What is the units digit of z?
8
Let d be -6*(-1)/(0 - -2). Suppose 27*p - 2522 - 2203 = 0. Suppose 77 = 3*s + 3*f - p, 0 = d*s - 2*f - 242. What is the units digit of s?
2
Let k be -2 + 44/20 - (-28)/10. Suppose 4*y - 2*y = 4*x - 66, x - 24 = 2*y. Let i = x + k. What is the units digit of i?
7
Let c be ((-1)/(-2) - 0)*0. Suppose 0*w - 5*w = -3*v - 37, -5*w - 2*v + 17 = 0. Suppose 6*u - w*u - 9 = c. What is the units digit of u?
9
Let g be (-22236)/36 + (-2)/6. What is the hundreds digit of g/(-6) - (-2 + 1)?
1
Suppose -3*y = -4*r - 85, -3*y + 6*r + 80 = r. Suppose 110 = 5*p + 6*p. Suppose -9*h = -p*h + y. What is the tens digit of h?
3
Let d = 17 + -7. Suppose 0 = -0*y + 2*y - d. Suppose -2*j + 5*j = -y*l + 37, -2*l - 5*j = -30. What is the units digit of l?
5
Suppose 0 = 82*i - 90*i + 10808. What is the units digit of i?
1
Suppose 0*p = p + 3. What is the tens digit of 128/6 + p/9?
2
What is the hundreds digit of (1321/4 - -4) + 2/(-8)?
3
Suppose w - 1442 = -38. What is the units digit of w?
4
Let o be 8/(-20) + 1512/5. Suppose -3*w + 5*b = -232, -4*w + 6*b + o = 3*b. Suppose -w = -2*g - 2*t - t, -170 = -4*g + 5*t. What is the tens digit of g?
4
Let j(q) = 5*q**2 - 7*q + 9. Suppose -p + 2*f = -6, 0 = -2*p - f - 3*f + 4. What is the tens digit of j(p)?
6
Suppose 4*u - 12*u = -16. Suppose 32 - 128 = -u*w. Let z = 109 - w. What is the units digit of z?
1
Let g(v) = 4*v**2 + 31*v - 100. What is the tens digit of g(-25)?
2
Let j(f) = 3*f**2 - 19*f - 16. Let p be j(-9). Let k = p - 277. What is the units digit of k?
1
Let j = 961 - 130. What is the hundreds digit of j?
8
Let j(q) = -895*q**2 + 10 + 5 + 2*q + 896*q**2 + 2*q. Let y = -5 - 3. What is the units digit of j(y)?
7
Let f(c) = -15*c**2 + 103*c - 4. What is the units digit of f(5)?
6
Let a(u) = -31*u + 150. What is the units digit of a(-15)?
5
Suppose -16*o = -18402 - 18494. What is the tens digit of o?
0
Suppose 5*q - 4*q = 0. Suppose q = -4*o + 32 - 8. Let s = 18 - o. What is the tens digit of s?
1
Let z(n) = 184*n**3 - n**2 + 4*n - 3. Let j(x) = -x**3 - 23*x**2 + 1. Let c be j(-23). What is the tens digit of z(c)?
8
Let f = -37 + 37. Suppose f = -2*y + 126 + 142. What is the hundreds digit of y?
1
Let x(y) = -3*y - 6. Let m be x(-3). Suppose 12 = m*v, -2*r - 4*v + v + 106 = 0. What is the tens digit of r?
4
Suppose 0 = -4*f + 3*k - 4*k + 2, -3*f + 4 = 2*k. Suppose u + 3*u - 324 = f. What is the units digit of u?
1
What is the hundreds digit of 16731/15 + (-24)/60?
1
Let q(s) = 6 - 16*s - 1309*s**2 - s**3 + 1325*s**2 - 1. What is the hundreds digit of q(13)?
3
Let j(i) = i**3 - 2*i**2 + 2*i + 2. Let w be j(2). Let d(l) = -l**2 + 3*l + 15. Let r be d(w). Let z(q) = 9*q**2 + 6*q - 3. What is the units digit of z(r)?
0
What is the tens digit of 368 - (4/(-7) - 216/(-84))?
6
Suppose 2*v = 8*v - 24. Suppose 4*q = 4*l - 84, -l - 2*q + 22 = v. What is the tens digit of l?
2
Let h be ((-14)/(-21))/(6/27). What is the hundreds digit of ((-2910)/(-6) - h)/2?
2
Suppose 2*k = 8*p - 11*p + 3714, 0 = -k + 3*p + 1839. What is the hundreds digit of k?
8
Suppose 2*r - 3*l = 6, 5*l = -2*r - 1 - 9. Let b be 10/(-4)*(r + 2). Let c = 19 + b. What is the units digit of c?
4
Let m be (0 + (-75)/(-1))*14/21. Let b = m + -43. Wh